 of j.
2, 17
Let s be 10/(-50) + (-32)/(-10). Suppose -4*k + 364 = 4*l, 0*l - 5*l - s*k + 455 = 0. List the prime factors of l.
7, 13
Suppose 0 = -4*s + 2*m - 10, -5*s - 10 = -4*s - 2*m. Suppose s = -5*r - 382 + 1407. List the prime factors of r.
5, 41
What are the prime factors of (7/(-1) + 6)*(-3976)/7?
2, 71
Suppose -3*a = -4*g - 2*a + 17857, a = 3*g - 13393. List the prime factors of g.
2, 3, 31
Suppose -2*v - 3*g = -68772, -25*g + 11*g = 56. List the prime factors of v.
2, 3, 1433
Let d(r) = -r**2 + 21*r + 24. Let o be d(22). Suppose 2*p + 2*y - 398 = 0, o = -y + 1. List the prime factors of p.
2, 5
Let l be (-15)/(-35) - (-974)/14. Let n = l + -69. What are the prime factors of (n/3)/(5/2205) - -3?
2, 3, 5
Let o = -460 + 730. Suppose o*t - 271*t = -1889. What are the prime factors of t?
1889
Let t(i) = -4*i**3 - 2*i**2 + i + 14. Let r be t(0). Suppose -m + 3720 = r*m. What are the prime factors of m?
2, 31
Let n(k) = 9 - 7*k - 3*k**2 - 3*k**2 + 12*k**2 + 6*k**2. What are the prime factors of n(6)?
3, 7, 19
Suppose -2*c - 9*o = -7*o - 21792, -4*c = -5*o - 43629. List the prime factors of c.
11, 991
Let s(b) = 3*b**3 - 16*b**2 - 148*b + 121. What are the prime factors of s(17)?
2, 5, 193
Suppose -9 = -9*l + 9. List the prime factors of 170/(l + (-15)/10).
2, 5, 17
Suppose -191*y + 5*z = -192*y + 13532, y - 13528 = -3*z. List the prime factors of y.
2, 6761
Suppose 4*t - 2010 = -2*m, -2*t + 1002 = -0*t + 4*m. Suppose 0 = 5*h + 2*i - 2515, -h - 13*i + t = -9*i. List the prime factors of h.
503
Suppose -8*n + 4*q = -5*n + 62, 3*n = -q - 67. List the prime factors of 24/(-132) - 17780/n.
2, 101
Suppose -16*v - 14457 = -18313. Let d(u) = -u + 41. Let k be d(0). Suppose 2*l + k - v = 0. List the prime factors of l.
2, 5
Suppose -6972 = -2*z + 5329 - 3261. What are the prime factors of z?
2, 5, 113
Let b = 97 - 92. Suppose -w + 5 = 0, b*w = -5*s + 152 + 168. What are the prime factors of s?
59
Let j = 55542 - 31334. What are the prime factors of j?
2, 17, 89
List the prime factors of (-60)/(-100) + 4191/15.
2, 5, 7
Let w = 1551 + -3220. Let a = -881 - w. What are the prime factors of a?
2, 197
Let l = -6127 + 15537. What are the prime factors of l?
2, 5, 941
Suppose 0 = 200*v - 149*v - 119901. List the prime factors of v.
2351
List the prime factors of (-83213)/(18 + -31) - -13.
2, 3, 1069
Suppose -650 = -29*h + 16*h. Let m = 100 - h. What are the prime factors of m?
2, 5
Let s be 4 + (2 - (36 + 4)). Let c = 54 - s. What are the prime factors of c?
2, 11
Let v(q) = 60*q**2 + 3*q + 13. Let i be v(-3). Suppose -5*n = -179 + i. List the prime factors of -1*(3 + -2)*n.
73
Let y(w) = 117*w**2 + 2*w - 65 - 59*w**2 - 49*w - 59*w**2. What are the prime factors of y(-30)?
5, 89
Suppose -21*z - 86208 = -18*z - 35*z. List the prime factors of z.
2, 3, 449
Let v = -210 - -496. Let u = 458 - v. Suppose -j + u = 2. What are the prime factors of j?
2, 5, 17
Suppose -41*g = -125051 - 145713. What are the prime factors of g?
2, 13, 127
Suppose k = 5*k + 4. Let d be ((-16)/(-4))/(-3 + 4) + k. List the prime factors of (430/d)/((-8)/(-12)).
5, 43
Suppose 4*g - 221 = -5*w, -13*w - 33 = -14*w + 2*g. Suppose 0 = 2*c, 2*c - 271 = -2*m + w. List the prime factors of m.
2, 3, 13
Let x = 28719 + -6497. List the prime factors of x.
2, 41, 271
Let w(n) = -n**3 - 13*n**2 - 19*n - 20. Let x be w(-12). Let c = 25 + x. What are the prime factors of c?
89
Let j(v) = -v**3 + 17*v - 16. Let a be j(4). Let h(d) = d**2 - 1. Let q(o) = 4*o**2 - 19*o - 19. Let n(w) = 6*h(w) - q(w). List the prime factors of n(a).
73
What are the prime factors of ((-862)/6)/(-3 - (-4130)/1380)?
2, 23, 431
Suppose -2*x + 34 = -4*s, -s - 4*s - 43 = -2*x. Let p(g) = -g**2 - 3*g + 3. Let o be p(1). What are the prime factors of (o - 0)/((4 + s)/865)?
173
Let a be -4*3/(-66) - 2988/99. Let x = 1741 - a. List the prime factors of x.
7, 11, 23
Let o(n) be the second derivative of -49*n**3/6 - 11*n**2 + 2*n. Let v = 525 + -528. What are the prime factors of o(v)?
5
Suppose -5*l - 390*k + 15260 = -395*k, -9126 = -3*l - 3*k. List the prime factors of l.
11, 277
Let y(b) = -b**2 - 11*b - 15. Let h be y(-2). Let k be (-1)/(-4) - (23/(-4) - h). Suppose -k*m + 2*m = -861. List the prime factors of m.
3, 41
Let b(i) = -i**3 - 19*i**2 + 16*i - 40. Let r be b(-20). Suppose r*n - 35*n = 1405. List the prime factors of n.
281
Let x(t) = 3*t**2 + 17*t + 17. Let c be x(-10). Suppose -5*s = -2*g + c + 102, -3*g = -5*s - 361. Suppose -298 = -10*u + g. List the prime factors of u.
41
Suppose 5*d - 51179 = -3*a, 2*d + 33*a - 20464 = 28*a. What are the prime factors of d?
29, 353
Let g = 418 - -967. What are the prime factors of g?
5, 277
What are the prime factors of 500/(-300)*1*-2271*1?
5, 757
Let g(q) = 1859*q - 186*q**3 + 22 + 2 - 1835*q. List the prime factors of g(-1).
2, 3, 31
Suppose 5 + 20 = 4*k + 3*c, -2*k = 4*c - 20. Let f be (-36)/4*k/(-18). Suppose 5*p = 3*x + 283, -p + 185 = f*p + 2*x. What are the prime factors of p?
59
Suppose -21*q = -24*q + 2610. Suppose -4*x + 9*x = -q. List the prime factors of -1 + 4 - x/(-6 - -8).
2, 3, 5
Let w be ((-5)/(-3))/(1*(-1)/(-270)). Suppose 2*o - 2*s = -2*o + w, -4*s + 365 = 3*o. Let u = o - -92. What are the prime factors of u?
3, 23
Suppose -4*p - 2*i - 2473 = -248183, -61438 = -p + 3*i. List the prime factors of p.
47, 1307
Let g = -1844 + 10062. What are the prime factors of g?
2, 7, 587
Let o(d) = 4208*d - 4193. List the prime factors of o(7).
3, 7, 401
Let h = 12565 + -3569. List the prime factors of h.
2, 13, 173
Let r be (19 - 18)*(3 + 4140). Let f = r + -2623. What are the prime factors of f?
2, 5, 19
Let j be 23/(69/(-18)) + 11/1. What are the prime factors of (-47)/(j*7/(-525))?
3, 5, 47
Let c = 25 + 81. Suppose 5*k + 4*t - c - 153 = 0, 0 = t + 4. Let l = -32 + k. List the prime factors of l.
23
Let z(k) = 220*k + 35. Let f be z(3). List the prime factors of (-18)/27 + f/3.
3, 7, 11
Let o = 64 + -60. Suppose -8*b = o*b - 3120. List the prime factors of b.
2, 5, 13
Let h(x) = x**3 + x + 892. Let w be h(0). Suppose 0 = 5*q + 4*j - w, -j + 752 = 5*q - 146. What are the prime factors of 30/q - 983/(-6)?
2, 41
Let n(m) = -m**2 + 4*m + 16. Let o be (36/21)/((-6)/(-21)). Let v be n(o). Suppose 0 = -d + 4*h + 164, v*h - 164 = -2*d + 140. List the prime factors of d.
2, 3, 13
Suppose -4*h + 5*o = -22, -8*o - 10 = -3*o. Suppose 4*z - 890 - 602 = -3*q, 0 = -z + h*q + 373. List the prime factors of z.
373
Suppose 4*b - 12 = b. Suppose -m + s + 202 = -b*s, 3*s = -2*m + 417. What are the prime factors of m - 4/(-12)*(-6)/2?
2, 103
Suppose 0 = i + 2*t - 2, -4*t + 6*t - 10 = -3*i. Suppose -403 = -i*c + o, 4*o + 97 = c + 3*o. What are the prime factors of c?
2, 3, 17
Let k(a) = 9*a**2 - 20*a + 90. Let d(n) = -n**2 - n. Let c(q) = 6*d(q) + k(q). List the prime factors of c(18).
2, 3, 11
Suppose 3*n - 29692 = 4*k + 6620, -n = -4*k - 12112. List the prime factors of n.
2, 5, 11
Suppose 3*w - 5*v - 233 = -0*w, -4*v + 8 = 0. Suppose 4*l + 33*z = 31*z + 20, -5*l + 2*z = 2. Suppose l*f - 5*f = -w. What are the prime factors of f?
3
List the prime factors of (-369246)/(-95)*((-249)/(-72) - (-1)/(-8)).
2, 41, 79
Let t(z) be the second derivative of -9*z**5/20 + z**3/2 + 5*z**2/2 + 20*z - 2. What are the prime factors of t(-4)?
569
Suppose -3*j + 4*j + 5*k - 17 = 0, 3*j - 3*k = -3. Suppose -2*x - 3*b = 3*x - 196, -2*x - 2*b + 76 = 0. Let m = x - j. What are the prime factors of m?
3, 13
Let x be 38/7 - -5*8/70. List the prime factors of (-1 - -203)/(15/x - 2).
2, 101
Let d = 1030 - -167. Let b = 2584 - d. What are the prime factors of b?
19, 73
Let h be 711/6*40/6. Suppose r + 20 = -3*r, h = 5*s - 2*r. What are the prime factors of s?
2, 3, 13
Let x(p) = 8502*p + 3697. What are the prime factors of x(5)?
7, 23, 41
Suppose 3*h = -6*j + 2*j + 22, 2*j - 3*h = 2. Let t(p) = -8*p + 36. List the prime factors of t(j).
2
Let p be (1 - 4)/(18/486). Let a = -83 - p. Let c(q) = -23*q + 15. What are the prime factors of c(a)?
61
Let w be -4 + (72 - 12/(-6)). Let r = w + -34. List the prime factors of r.
2, 3
Let g be (145/(-4))/((-2)/8). Let c(r) = -2*r**2 + 84*r + 99. Let q be c(38). Suppose 3*t + 6*u = 5*u + q, t + 3*u = g. List the prime factors of t.
7, 19
Suppose -298*q = -180*q - 169*q + 120915